{"id":86,"date":"2022-06-13T21:04:25","date_gmt":"2022-06-13T21:04:25","guid":{"rendered":"https:\/\/tiofranciscocheese.com\/?page_id=86"},"modified":"2022-12-13T13:30:02","modified_gmt":"2022-12-13T19:30:02","slug":"wholesale","status":"publish","type":"page","link":"https:\/\/tiofranciscocheese.com\/espanol\/wholesale\/","title":{"rendered":"Mayoreo"},"content":{"rendered":"<div data-elementor-type=\"wp-page\" data-elementor-id=\"86\" class=\"elementor elementor-86\" data-elementor-post-type=\"page\">\n\t\t\t\t\t\t<section class=\"elementor-section elementor-top-section elementor-element elementor-element-3bd1e44 elementor-section-boxed elementor-section-height-default elementor-section-height-default\" data-id=\"3bd1e44\" data-element_type=\"section\">\n\t\t\t\t\t\t<div class=\"elementor-container elementor-column-gap-default\">\n\t\t\t\t\t<div class=\"elementor-column elementor-col-100 elementor-top-column elementor-element elementor-element-60227e1\" data-id=\"60227e1\" data-element_type=\"column\">\n\t\t\t<div class=\"elementor-widget-wrap elementor-element-populated\">\n\t\t\t\t\t\t<div class=\"elementor-element elementor-element-c14fe93 elementor-widget__width-initial elementor-widget elementor-widget-heading\" data-id=\"c14fe93\" data-element_type=\"widget\" data-widget_type=\"heading.default\">\n\t\t\t\t<div class=\"elementor-widget-container\">\n\t\t\t\t\t<h1 class=\"elementor-heading-title elementor-size-default\">Mayoreo<\/h1>\t\t\t\t<\/div>\n\t\t\t\t<\/div>\n\t\t\t\t\t<\/div>\n\t\t<\/div>\n\t\t\t\t\t<\/div>\n\t\t<\/section>\n\t\t\t\t<section class=\"elementor-section elementor-top-section elementor-element elementor-element-266d3c9 elementor-section-boxed elementor-section-height-default elementor-section-height-default\" data-id=\"266d3c9\" data-element_type=\"section\">\n\t\t\t\t\t\t<div class=\"elementor-container elementor-column-gap-default\">\n\t\t\t\t\t<div class=\"elementor-column elementor-col-100 elementor-top-column elementor-element elementor-element-4618be8\" data-id=\"4618be8\" data-element_type=\"column\" data-settings=\"{&quot;background_background&quot;:&quot;classic&quot;}\">\n\t\t\t<div class=\"elementor-widget-wrap elementor-element-populated\">\n\t\t\t\t\t\t<section class=\"elementor-section elementor-inner-section elementor-element elementor-element-0c75b2c elementor-section-boxed elementor-section-height-default elementor-section-height-default\" data-id=\"0c75b2c\" data-element_type=\"section\">\n\t\t\t\t\t\t<div class=\"elementor-container elementor-column-gap-default\">\n\t\t\t\t\t<div class=\"elementor-column elementor-col-50 elementor-inner-column elementor-element elementor-element-de5235e\" data-id=\"de5235e\" data-element_type=\"column\">\n\t\t\t<div class=\"elementor-widget-wrap elementor-element-populated\">\n\t\t\t\t\t\t<div class=\"elementor-element elementor-element-44e1ec3 elementor-widget elementor-widget-heading\" data-id=\"44e1ec3\" data-element_type=\"widget\" data-widget_type=\"heading.default\">\n\t\t\t\t<div class=\"elementor-widget-container\">\n\t\t\t\t\t<h2 class=\"elementor-heading-title elementor-size-default\">\u00a1Nos encantar\u00eda trabajar contigo! <\/h2>\t\t\t\t<\/div>\n\t\t\t\t<\/div>\n\t\t\t\t<div class=\"elementor-element elementor-element-481e3ac elementor-widget elementor-widget-text-editor\" data-id=\"481e3ac\" data-element_type=\"widget\" data-widget_type=\"text-editor.default\">\n\t\t\t\t<div class=\"elementor-widget-container\">\n\t\t\t\t\t\t\t\t\t<p data-pm-slice=\"1 1 []\">Nuestro equipo est\u00e1 listo para trabajar con ustedes y ayudarnos a entregar a nuestros clientes  cremas y quesos al estilo mexicano  frescos y aut\u00e9nticos.<br \/><br \/>Escr\u00edbenos para obtener m\u00e1s informaci\u00f3n sobre c\u00f3mo comprar nuestros incre\u00edbles productos al mayoreo.<\/p>\t\t\t\t\t\t\t\t<\/div>\n\t\t\t\t<\/div>\n\t\t\t\t<div class=\"elementor-element elementor-element-6a049f9 elementor-widget elementor-widget-heading\" data-id=\"6a049f9\" data-element_type=\"widget\" data-widget_type=\"heading.default\">\n\t\t\t\t<div class=\"elementor-widget-container\">\n\t\t\t\t\t<h4 class=\"elementor-heading-title elementor-size-default\">Contacta a nuestro equipo de ventas de mayoreo<\/h4>\t\t\t\t<\/div>\n\t\t\t\t<\/div>\n\t\t\t\t<div class=\"elementor-element elementor-element-39c333e elementor-widget elementor-widget-html\" data-id=\"39c333e\" data-element_type=\"widget\" data-widget_type=\"html.default\">\n\t\t\t\t<div class=\"elementor-widget-container\">\n\t\t\t\t\t<p><!-- Begin Mailchimp Signup Form --><\/p>\n<p><style type=\"text\/css\">\n\t#mc_embed_signup{background:transparent; clear:left; font:14px Helvetica,Arial,sans-serif;  width:100%!important;}<br \/>\n\t\/* Add your own Mailchimp form style overrides in your site stylesheet or in this style block.<br \/>\n\t   We recommend moving this block and the preceding CSS link to the HEAD of your HTML file. *\/<br \/>\n<\/style><\/p>\n<div id=\"mc_embed_signup\">\n    <form action=\"https:\/\/donfranciscocheese.us14.list-manage.com\/subscribe\/post?u=0a52c304dc41fb966f4c39574&#038;id=25bdeb1331&#038;f_id=00aee7e0f0\" method=\"post\" id=\"mc-embedded-subscribe-form\" name=\"mc-embedded-subscribe-form\" class=\"validate\" target=\"_blank\" novalidate data-trp-original-action=\"https:\/\/donfranciscocheese.us14.list-manage.com\/subscribe\/post?u=0a52c304dc41fb966f4c39574&amp;id=25bdeb1331&amp;f_id=00aee7e0f0\">\n        <div id=\"mc_embed_signup_scroll\">\n    \n        <div class=\"indicates-required\"><span class=\"asterisk\">*<\/span> campos requeridos<\/div>\n<div class=\"mc-field-group\">\n\t<label for=\"mce-EMAIL\">Correo eletr\u00f3nico  <span class=\"asterisk\">*<\/span>\n<\/label>\n\t<input type=\"email\" value=\"\" name=\"EMAIL\" class=\"required email\" id=\"mce-EMAIL\" required>\n\t<span id=\"mce-EMAIL-HELPERTEXT\" class=\"helper_text\"><\/span>\n<\/div>\n<div class=\"mc-field-group\">\n\t<label for=\"mce-FNAME\">Nombre  <span class=\"asterisk\">*<\/span>\n<\/label>\n\t<input type=\"text\" value=\"\" name=\"FNAME\" class=\"required\" id=\"mce-FNAME\" required>\n\t<span id=\"mce-FNAME-HELPERTEXT\" class=\"helper_text\"><\/span>\n<\/div>\n<div class=\"mc-field-group\">\n\t<label for=\"mce-LNAME\">Apellido  <span class=\"asterisk\">*<\/span>\n<\/label>\n\t<input type=\"text\" value=\"\" name=\"LNAME\" class=\"required\" id=\"mce-LNAME\" required>\n\t<span id=\"mce-LNAME-HELPERTEXT\" class=\"helper_text\"><\/span>\n<\/div>\n<div class=\"mc-field-group\">\n\t<label for=\"mce-COMPANY\">Empresa  <span class=\"asterisk\">*<\/span>\n<\/label>\n\t<input type=\"text\" value=\"\" name=\"COMPANY\" class=\"required\" id=\"mce-COMPANY\" required>\n\t<span id=\"mce-COMPANY-HELPERTEXT\" class=\"helper_text\"><\/span>\n<\/div>\n<div class=\"mc-field-group\">\n\t<label for=\"mce-CITY\">Ciudad  <span class=\"asterisk\">*<\/span>\n<\/label>\n\t<input type=\"text\" value=\"\" name=\"CITY\" class=\"required\" id=\"mce-CITY\" required>\n\t<span id=\"mce-CITY-HELPERTEXT\" class=\"helper_text\"><\/span>\n<\/div>\n<div hidden=\"true\"><input type=\"hidden\" name=\"tags\" value=\"7279113\"><\/div>\n\t<div id=\"mce-responses\" class=\"clear foot\">\n\t\t<div class=\"response\" id=\"mce-error-response\" style=\"display:none\"><\/div>\n\t\t<div class=\"response\" id=\"mce-success-response\" style=\"display:none\"><\/div>\n\t<\/div>    <!-- real people should not fill this in and expect good things - do not remove this or risk form bot signups-->\n    <div style=\"position: absolute; left: -5000px;\" aria-hidden=\"true\"><input type=\"text\" name=\"b_0a52c304dc41fb966f4c39574_25bdeb1331\" tabindex=\"-1\" value=\"\"><\/div><br>\n        <div class=\"optionalParent\">\n            <div class=\"clear foot\">\n                <input type=\"submit\" value=\"Enviar\" name=\"subscribe\" id=\"mc-embedded-subscribe\" class=\"button\">\n                \n            <\/div>\n        <\/div>\n    <\/div>\n<input type=\"hidden\" name=\"trp-form-language\" value=\"espanol\"\/><\/form>\n<\/div>\n<script type='text\/javascript' src='\/\/s3.amazonaws.com\/downloads.mailchimp.com\/js\/mc-validate.js'><\/script><script type='text\/javascript'>(function($) {window.fnames = new Array(); window.ftypes = new Array();fnames[0]='EMAIL';ftypes[0]='email';fnames[1]='FNAME';ftypes[1]='text';fnames[2]='LNAME';ftypes[2]='text';fnames[6]='COMPANY';ftypes[6]='text';fnames[4]='PHONE';ftypes[4]='phone';fnames[7]='CITY';ftypes[7]='text';fnames[3]='ADDRESS';ftypes[3]='address';fnames[5]='BIRTHDAY';ftypes[5]='birthday';}(jQuery));var $mcj = jQuery.noConflict(true);<\/script>\n<!--End mc_embed_signup-->\t\t\t\t<\/div>\n\t\t\t\t<\/div>\n\t\t\t\t\t<\/div>\n\t\t<\/div>\n\t\t\t\t<div class=\"elementor-column elementor-col-50 elementor-inner-column elementor-element elementor-element-cfd7da5\" data-id=\"cfd7da5\" data-element_type=\"column\">\n\t\t\t<div class=\"elementor-widget-wrap elementor-element-populated\">\n\t\t\t\t\t\t<div class=\"elementor-element elementor-element-0a3fdce elementor-widget elementor-widget-image\" data-id=\"0a3fdce\" data-element_type=\"widget\" data-widget_type=\"image.default\">\n\t\t\t\t<div class=\"elementor-widget-container\">\n\t\t\t\t\t\t\t\t\t\t\t\t\t\t\t<img fetchpriority=\"high\" decoding=\"async\" width=\"884\" height=\"1461\" src=\"https:\/\/i0.wp.com\/tiofranciscocheese.com\/wp-content\/uploads\/2022\/09\/Food-Service_0.png?fit=884%2C1461&amp;ssl=1\" class=\"attachment-full size-full wp-image-10670\" alt=\"\" srcset=\"https:\/\/i0.wp.com\/tiofranciscocheese.com\/wp-content\/uploads\/2022\/09\/Food-Service_0.png?w=884&amp;ssl=1 884w, https:\/\/i0.wp.com\/tiofranciscocheese.com\/wp-content\/uploads\/2022\/09\/Food-Service_0.png?resize=182%2C300&amp;ssl=1 182w, https:\/\/i0.wp.com\/tiofranciscocheese.com\/wp-content\/uploads\/2022\/09\/Food-Service_0.png?resize=620%2C1024&amp;ssl=1 620w, https:\/\/i0.wp.com\/tiofranciscocheese.com\/wp-content\/uploads\/2022\/09\/Food-Service_0.png?resize=768%2C1269&amp;ssl=1 768w\" sizes=\"(max-width: 800px) 100vw, 800px\" \/>\t\t\t\t\t\t\t\t\t\t\t\t\t\t\t<\/div>\n\t\t\t\t<\/div>\n\t\t\t\t\t<\/div>\n\t\t<\/div>\n\t\t\t\t\t<\/div>\n\t\t<\/section>\n\t\t\t\t\t<\/div>\n\t\t<\/div>\n\t\t\t\t\t<\/div>\n\t\t<\/section>\n\t\t\t\t<section class=\"elementor-section elementor-top-section elementor-element elementor-element-1a8de70 elementor-section-content-middle elementor-section-boxed elementor-section-height-default elementor-section-height-default\" data-id=\"1a8de70\" data-element_type=\"section\" data-settings=\"{&quot;background_background&quot;:&quot;classic&quot;}\">\n\t\t\t\t\t\t<div class=\"elementor-container elementor-column-gap-default\">\n\t\t\t\t\t<div class=\"elementor-column elementor-col-50 elementor-top-column elementor-element elementor-element-349060b\" data-id=\"349060b\" data-element_type=\"column\">\n\t\t\t<div class=\"elementor-widget-wrap elementor-element-populated\">\n\t\t\t\t\t\t<div class=\"elementor-element elementor-element-8a96c94 elementor-widget elementor-widget-heading\" data-id=\"8a96c94\" data-element_type=\"widget\" data-widget_type=\"heading.default\">\n\t\t\t\t<div class=\"elementor-widget-container\">\n\t\t\t\t\t<h2 class=\"elementor-heading-title elementor-size-default\">NUESTRO EQUIPO <\/h2>\t\t\t\t<\/div>\n\t\t\t\t<\/div>\n\t\t\t\t<div class=\"elementor-element elementor-element-9ef8da4 elementor-widget elementor-widget-text-editor\" data-id=\"9ef8da4\" data-element_type=\"widget\" data-widget_type=\"text-editor.default\">\n\t\t\t\t<div class=\"elementor-widget-container\">\n\t\t\t\t\t\t\t\t\t<div class=\"page\" title=\"Page 6\"><div class=\"section\"><div class=\"layoutArea\"><div class=\"column\"><p>\u00bfEst\u00e1s buscando un empleo en una compa\u00f1\u00eda exitosa en crecimiento?<\/p><\/div><\/div><\/div><\/div>\t\t\t\t\t\t\t\t<\/div>\n\t\t\t\t<\/div>\n\t\t\t\t\t<\/div>\n\t\t<\/div>\n\t\t\t\t<div class=\"elementor-column elementor-col-50 elementor-top-column elementor-element elementor-element-87a0b12\" data-id=\"87a0b12\" data-element_type=\"column\">\n\t\t\t<div class=\"elementor-widget-wrap elementor-element-populated\">\n\t\t\t\t\t\t<div class=\"elementor-element elementor-element-da4ccf8 elementor-align-center elementor-tablet-align-left elementor-widget elementor-widget-button\" data-id=\"da4ccf8\" data-element_type=\"widget\" data-widget_type=\"button.default\">\n\t\t\t\t<div class=\"elementor-widget-container\">\n\t\t\t\t\t\t\t\t\t<div class=\"elementor-button-wrapper\">\n\t\t\t\t\t<a class=\"elementor-button elementor-button-link elementor-size-xl elementor-animation-grow\" href=\"\/espanol\/tio-francisco\/careers\/\">\n\t\t\t\t\t\t<span class=\"elementor-button-content-wrapper\">\n\t\t\t\t\t\t\t\t\t<span class=\"elementor-button-text\">Clic aqu\u00ed<\/span>\n\t\t\t\t\t<\/span>\n\t\t\t\t\t<\/a>\n\t\t\t\t<\/div>\n\t\t\t\t\t\t\t\t<\/div>\n\t\t\t\t<\/div>\n\t\t\t\t\t<\/div>\n\t\t<\/div>\n\t\t\t\t\t<\/div>\n\t\t<\/section>\n\t\t\t\t<\/div>","protected":false},"excerpt":{"rendered":"<p>Wholesale We\u2019d love to work with you! Our team is ready to work with you to help us deliver authentic and fresh Mexican-style cheeses and creams to your customers. Please reach out for more information on how to purchase our amazing products in bulk. Contact our wholesale sales team * indicates required Email Address * [&hellip;]<\/p>","protected":false},"author":1,"featured_media":0,"parent":0,"menu_order":0,"comment_status":"closed","ping_status":"closed","template":"","meta":{"footnotes":""},"class_list":["post-86","page","type-page","status-publish","hentry"],"yoast_head":"<!-- This site is optimized with the Yoast SEO plugin v21.8 - https:\/\/yoast.com\/wordpress\/plugins\/seo\/ -->\n<title>Wholesale | T\u00edo Francisco<\/title>\n<meta name=\"description\" content=\"Looking to buy in bulk? Our team is ready to work with you to deliver authentic and fresh Mexican-style cheeses and creams to your customers.\" \/>\n<meta name=\"robots\" content=\"index, follow, max-snippet:-1, max-image-preview:large, max-video-preview:-1\" \/>\n<link rel=\"canonical\" href=\"https:\/\/tiofranciscocheese.com\/espanol\/wholesale\/\" \/>\n<meta property=\"og:locale\" content=\"es_MX\" \/>\n<meta property=\"og:type\" content=\"article\" \/>\n<meta property=\"og:title\" content=\"Wholesale | T\u00edo Francisco\" \/>\n<meta property=\"og:description\" content=\"Looking to buy in bulk? Our team is ready to work with you to deliver authentic and fresh Mexican-style cheeses and creams to your customers.\" \/>\n<meta property=\"og:url\" content=\"https:\/\/tiofranciscocheese.com\/espanol\/wholesale\/\" \/>\n<meta property=\"og:site_name\" content=\"T\u00edo Francisco\" \/>\n<meta property=\"article:publisher\" content=\"https:\/\/www.facebook.com\/donfranciscocheese\" \/>\n<meta property=\"article:modified_time\" content=\"2022-12-13T19:30:02+00:00\" \/>\n<meta property=\"og:image\" content=\"https:\/\/tiofranciscocheese.com\/wp-content\/uploads\/2022\/09\/Food-Service_0.png\" \/>\n<meta name=\"twitter:card\" content=\"summary_large_image\" \/>\n<meta name=\"twitter:label1\" content=\"Tiempo de lectura\" \/>\n\t<meta name=\"twitter:data1\" content=\"1 minuto\" \/>\n<script type=\"application\/ld+json\" class=\"yoast-schema-graph\">{\"@context\":\"https:\/\/schema.org\",\"@graph\":[{\"@type\":\"WebPage\",\"@id\":\"https:\/\/tiofranciscocheese.com\/wholesale\/\",\"url\":\"https:\/\/tiofranciscocheese.com\/wholesale\/\",\"name\":\"Wholesale | T\u00edo Francisco\",\"isPartOf\":{\"@id\":\"http:\/\/francisco.sodio.net\/#website\"},\"datePublished\":\"2022-06-13T21:04:25+00:00\",\"dateModified\":\"2022-12-13T19:30:02+00:00\",\"description\":\"Looking to buy in bulk? Our team is ready to work with you to deliver authentic and fresh Mexican-style cheeses and creams to your customers.\",\"breadcrumb\":{\"@id\":\"https:\/\/tiofranciscocheese.com\/wholesale\/#breadcrumb\"},\"inLanguage\":\"es\",\"potentialAction\":[{\"@type\":\"ReadAction\",\"target\":[\"https:\/\/tiofranciscocheese.com\/wholesale\/\"]}]},{\"@type\":\"BreadcrumbList\",\"@id\":\"https:\/\/tiofranciscocheese.com\/wholesale\/#breadcrumb\",\"itemListElement\":[{\"@type\":\"ListItem\",\"position\":1,\"name\":\"Home\",\"item\":\"https:\/\/tiofranciscocheese.com\/\"},{\"@type\":\"ListItem\",\"position\":2,\"name\":\"Wholesale\"}]},{\"@type\":\"WebSite\",\"@id\":\"http:\/\/francisco.sodio.net\/#website\",\"url\":\"http:\/\/francisco.sodio.net\/\",\"name\":\"T\u00edo Francisco\",\"description\":\"\",\"publisher\":{\"@id\":\"http:\/\/francisco.sodio.net\/#organization\"},\"potentialAction\":[{\"@type\":\"SearchAction\",\"target\":{\"@type\":\"EntryPoint\",\"urlTemplate\":\"http:\/\/francisco.sodio.net\/?s={search_term_string}\"},\"query-input\":\"required name=search_term_string\"}],\"inLanguage\":\"es\"},{\"@type\":\"Organization\",\"@id\":\"http:\/\/francisco.sodio.net\/#organization\",\"name\":\"T\u00edo Francisco\",\"url\":\"http:\/\/francisco.sodio.net\/\",\"logo\":{\"@type\":\"ImageObject\",\"inLanguage\":\"es\",\"@id\":\"http:\/\/francisco.sodio.net\/#\/schema\/logo\/image\/\",\"url\":\"https:\/\/i0.wp.com\/q26.8d6.myftpupload.com\/wp-content\/uploads\/2022\/11\/tio-francisco-logo3.jpg?fit=1597%2C853&ssl=1\",\"contentUrl\":\"https:\/\/i0.wp.com\/q26.8d6.myftpupload.com\/wp-content\/uploads\/2022\/11\/tio-francisco-logo3.jpg?fit=1597%2C853&ssl=1\",\"width\":1597,\"height\":853,\"caption\":\"T\u00edo Francisco\"},\"image\":{\"@id\":\"http:\/\/francisco.sodio.net\/#\/schema\/logo\/image\/\"},\"sameAs\":[\"https:\/\/www.facebook.com\/donfranciscocheese\",\"https:\/\/www.youtube.com\/channel\/UCAZd_My9qyEuHtQ5DqlT8Cg\/videos\",\"https:\/\/www.instagram.com\/donfranciscocheese\",\"https:\/\/www.pinterest.com.mx\/donfranciscocheese\/\"]}]}<\/script>\n<!-- \/ Yoast SEO plugin. -->","yoast_head_json":{"title":"Wholesale | T\u00edo Francisco","description":"Looking to buy in bulk? Our team is ready to work with you to deliver authentic and fresh Mexican-style cheeses and creams to your customers.","robots":{"index":"index","follow":"follow","max-snippet":"max-snippet:-1","max-image-preview":"max-image-preview:large","max-video-preview":"max-video-preview:-1"},"canonical":"https:\/\/tiofranciscocheese.com\/espanol\/wholesale\/","og_locale":"es_MX","og_type":"article","og_title":"Wholesale | T\u00edo Francisco","og_description":"Looking to buy in bulk? Our team is ready to work with you to deliver authentic and fresh Mexican-style cheeses and creams to your customers.","og_url":"https:\/\/tiofranciscocheese.com\/espanol\/wholesale\/","og_site_name":"T\u00edo Francisco","article_publisher":"https:\/\/www.facebook.com\/donfranciscocheese","article_modified_time":"2022-12-13T19:30:02+00:00","og_image":[{"url":"https:\/\/tiofranciscocheese.com\/wp-content\/uploads\/2022\/09\/Food-Service_0.png"}],"twitter_card":"summary_large_image","twitter_misc":{"Tiempo de lectura":"1 minuto"},"schema":{"@context":"https:\/\/schema.org","@graph":[{"@type":"WebPage","@id":"https:\/\/tiofranciscocheese.com\/wholesale\/","url":"https:\/\/tiofranciscocheese.com\/wholesale\/","name":"Wholesale | T\u00edo Francisco","isPartOf":{"@id":"http:\/\/francisco.sodio.net\/#website"},"datePublished":"2022-06-13T21:04:25+00:00","dateModified":"2022-12-13T19:30:02+00:00","description":"Looking to buy in bulk? Our team is ready to work with you to deliver authentic and fresh Mexican-style cheeses and creams to your customers.","breadcrumb":{"@id":"https:\/\/tiofranciscocheese.com\/wholesale\/#breadcrumb"},"inLanguage":"es","potentialAction":[{"@type":"ReadAction","target":["https:\/\/tiofranciscocheese.com\/wholesale\/"]}]},{"@type":"BreadcrumbList","@id":"https:\/\/tiofranciscocheese.com\/wholesale\/#breadcrumb","itemListElement":[{"@type":"ListItem","position":1,"name":"Home","item":"https:\/\/tiofranciscocheese.com\/"},{"@type":"ListItem","position":2,"name":"Wholesale"}]},{"@type":"WebSite","@id":"http:\/\/francisco.sodio.net\/#website","url":"http:\/\/francisco.sodio.net\/","name":"T\u00edo Francisco","description":"","publisher":{"@id":"http:\/\/francisco.sodio.net\/#organization"},"potentialAction":[{"@type":"SearchAction","target":{"@type":"EntryPoint","urlTemplate":"http:\/\/francisco.sodio.net\/?s={search_term_string}"},"query-input":"required name=search_term_string"}],"inLanguage":"es"},{"@type":"Organization","@id":"http:\/\/francisco.sodio.net\/#organization","name":"T\u00edo Francisco","url":"http:\/\/francisco.sodio.net\/","logo":{"@type":"ImageObject","inLanguage":"es","@id":"http:\/\/francisco.sodio.net\/#\/schema\/logo\/image\/","url":"https:\/\/i0.wp.com\/q26.8d6.myftpupload.com\/wp-content\/uploads\/2022\/11\/tio-francisco-logo3.jpg?fit=1597%2C853&ssl=1","contentUrl":"https:\/\/i0.wp.com\/q26.8d6.myftpupload.com\/wp-content\/uploads\/2022\/11\/tio-francisco-logo3.jpg?fit=1597%2C853&ssl=1","width":1597,"height":853,"caption":"T\u00edo Francisco"},"image":{"@id":"http:\/\/francisco.sodio.net\/#\/schema\/logo\/image\/"},"sameAs":["https:\/\/www.facebook.com\/donfranciscocheese","https:\/\/www.youtube.com\/channel\/UCAZd_My9qyEuHtQ5DqlT8Cg\/videos","https:\/\/www.instagram.com\/donfranciscocheese","https:\/\/www.pinterest.com.mx\/donfranciscocheese\/"]}]}},"jetpack_sharing_enabled":true,"_links":{"self":[{"href":"https:\/\/tiofranciscocheese.com\/espanol\/wp-json\/wp\/v2\/pages\/86","targetHints":{"allow":["GET"]}}],"collection":[{"href":"https:\/\/tiofranciscocheese.com\/espanol\/wp-json\/wp\/v2\/pages"}],"about":[{"href":"https:\/\/tiofranciscocheese.com\/espanol\/wp-json\/wp\/v2\/types\/page"}],"author":[{"embeddable":true,"href":"https:\/\/tiofranciscocheese.com\/espanol\/wp-json\/wp\/v2\/users\/1"}],"replies":[{"embeddable":true,"href":"https:\/\/tiofranciscocheese.com\/espanol\/wp-json\/wp\/v2\/comments?post=86"}],"version-history":[{"count":87,"href":"https:\/\/tiofranciscocheese.com\/espanol\/wp-json\/wp\/v2\/pages\/86\/revisions"}],"predecessor-version":[{"id":14558,"href":"https:\/\/tiofranciscocheese.com\/espanol\/wp-json\/wp\/v2\/pages\/86\/revisions\/14558"}],"wp:attachment":[{"href":"https:\/\/tiofranciscocheese.com\/espanol\/wp-json\/wp\/v2\/media?parent=86"}],"curies":[{"name":"wp","href":"https:\/\/api.w.org\/{rel}","templated":true}]}}